t t(l) = 150*l - 136. What is the tens digit of t(m)?
6
Let a(y) be the second derivative of -y**4/12 + 3*y**3/2 - 5*y**2 - 15*y. Let o be a(7). What is the units digit of 1/((-4)/(-816)*o)?
1
Suppose 8 + 12 = 5*t, -448 = -3*v - 4*t. Let y = v - -524. What is the tens digit of y?
6
Let y(h) = -h**3 - 2*h**2 - 8*h**2 - 7*h**2 + 16*h + 15. Suppose 2023 = -12*j + 1807. What is the tens digit of y(j)?
5
Suppose -34*r + 319 = -5*r. Suppose -450 = -r*j + 2355. What is the hundreds digit of j?
2
What is the thousands digit of (-90)/(-36) - (-3760517)/58?
4
Let w(d) = d**3 - 5*d**2 - 4*d - 9. Let b be w(6). Suppose 2*s - 163 = -5*j - 0*j, -b*s = -3*j - 255. What is the units digit of s?
4
Suppose -4038 + 11958 = 2*i. What is the tens digit of i?
6
Suppose 83874 = 5*n - p, -12 = -4*p - 8. What is the tens digit of n?
7
Suppose -6404 - 1429 = 70*m - 91*m. What is the tens digit of m?
7
Let y be 0 - (1 + -2 + -2). Let i(z) = 2*z**3 + 3*z + 2. Let x be i(4). Suppose -4*n = 5*p - 176, 5*n - y*p = 78 + x. What is the tens digit of n?
4
Let f be (-1)/2 + (-147)/(-42). Suppose -x = 2*w + 88, f*w + 14 = -x - 75. What is the tens digit of (4 + (x - 4))*-1?
8
Let y(r) = 179*r - r - 370 - 87*r. What is the units digit of y(13)?
3
Let q be (17 + 1)*(96 - (2 + -1)). Let h = -585 + q. What is the units digit of h?
5
What is the tens digit of 4/(-10) + (-1806138)/(-270)?
8
Let h(t) = 7*t**2 + 7*t + 3. Let x be h(-4). Suppose -89*s + 1832 = -x*s. What is the hundreds digit of s?
9
Let w be 1*((-3)/(-8 - -5) - -863). Suppose 286 = 866*c - w*c. What is the tens digit of c?
4
Let b = -439 + 2. Let w = 1040 + b. What is the units digit of w?
3
Let d(u) = 7*u**2 - 7*u - 713. What is the thousands digit of d(-42)?
1
Let h be 9299/2 + 371/106. Suppose -4*m + 5*k + h = 0, 4*k = -4*m + 3957 + 651. What is the thousands digit of m?
1
Suppose 2*s = -5*s + 35. Suppose 2*h + y = h + 1, s*h - y - 23 = 0. What is the units digit of ((-204)/(-8) - 3)*h/3?
0
Let p(j) = -j**3 + 5*j**2 + 8*j + 4. Let o be p(-3). Let l = o + -48. What is the units digit of ((-99)/(-12) + l)*12?
7
Suppose -1257 = -24*r + 27*r. Let j = -178 - r. What is the tens digit of j?
4
Suppose -z + 3*b = -b - 54, z - 69 = b. Suppose z*f - 67*f = 3227. What is the units digit of f?
1
Let t(y) = -y**3 - 6*y**2 + 27*y + 12. Let i be t(-9). Suppose -i = -g + 1090. What is the thousands digit of g?
1
What is the hundreds digit of ((-5)/35)/((-8)/355920) + (-8)/(-28)?
3
What is the thousands digit of (-22)/(-12) + (-20119373)/(-786)?
5
Let u be ((-8)/(-20))/(1/(-105)). Let l = u - -164. What is the tens digit of l?
2
Suppose -66*x + 64*x - 14 = 0. Let j(y) = 25*y. Let p(v) = 48*v - 1. Let i(u) = x*j(u) + 4*p(u). What is the units digit of i(2)?
0
Suppose 3*v - 287 = 85. Suppose -5*o - 720 = -5*r, o = -6*r + 2*r - v. What is the tens digit of ((-6)/(-5))/((-12)/o)?
1
Suppose 0 = -4*o - 22*o - 936. What is the hundreds digit of 537 - (2/(-9) + (-44)/o)?
5
Let m = 20634 + -47. What is the tens digit of m?
8
Suppose 2*x = -15*x + 1734. Suppose x*k = 98*k + 6108. What is the hundreds digit of k?
5
Suppose -u - 1 + 11 = 0. Suppose -u*b = -8*b - 10. Suppose b*x - 705 = -h, -4*h = -5*x + 11 + 719. What is the units digit of x?
2
Let b be 2 + 5 + (-4)/(-4). Let n(z) = -z - 2*z**2 + 4 + z**3 - b*z + 5*z - 5*z**2. What is the units digit of n(8)?
6
Suppose 5*a + 4*p - 7 = -0*a, -a + 3*p + 9 = 0. Suppose 3*y - 2*l - 445 = 0, -a*y + 4*l + 170 + 267 = 0. What is the units digit of y?
1
Let h(v) = 40*v**3 - 2*v**2 + 3*v - 1. Let f be (-2 - 142/(-14)) + 1/(-7). Suppose -f = 2*j + 5*p, 2*j - 6*j + 4*p + 12 = 0. What is the tens digit of h(j)?
4
Let x(u) = -4*u**3 - 4*u**2 - 9*u - 104. Let h(i) = 3*i**3 + 3*i**2 + 8*i + 105. Let d(b) = 5*h(b) + 4*x(b). What is the hundreds digit of d(0)?
1
Suppose 3*v - 2*b - 52 = -0*b, -71 = -4*v + 3*b. Suppose -9*q - 839 = -v*q + n, -3*q - n = -497. What is the tens digit of q?
6
Let a(o) = 17*o**2 - 118*o + 229. What is the ten thousands digit of a(-61)?
7
Let f(p) = -p**3 + 3*p**2 - 4. Let r be f(2). Suppose 3*n + 3*n + 48 = r. What is the tens digit of -1 + 20 + (-8 - n)?
1
Suppose 8*d - 4675 = 2069. Let x = 1310 - d. What is the units digit of x?
7
Suppose -12*c - 62 - 34 = 0. What is the tens digit of (76/c)/(-2*1/12)?
5
Let b be 16/80 + -3*66/(-10). Suppose -d - 4659 = b*f - 23*f, 0 = -f - 3*d + 1563. What is the thousands digit of f?
1
Let r(b) be the first derivative of b**3/3 + b**2/2 - 5*b + 13. Let a be r(-3). What is the units digit of -1*((-651)/(-14))/(a/(-2))?
3
Let i(d) = 254*d**3 - 1. Let r be i(1). Let p = 140 - r. Let z = -11 - p. What is the units digit of z?
2
Suppose 465008 = 11*y - 75759 - 18704. What is the tens digit of y?
6
Suppose -5*d + 0*d = 510. Let r be 13672/76 + 36/(-19) + 2. Let u = r + d. What is the tens digit of u?
7
Let s(t) = t**2 - t - 3. Let w = -32 + 35. Let g be s(w). Suppose a - g*k - 114 = 2*k, -3*a + 4*k + 298 = 0. What is the units digit of a?
4
Let s = 297 - 287. Let k(c) = 35*c + 92. What is the hundreds digit of k(s)?
4
Let n = 31329 + -14934. What is the hundreds digit of n?
3
Suppose 0 = -36*n + 24*n + 8736. Suppose -7638 = -n*b + 722*b. What is the hundreds digit of b?
2
Suppose -3*d + 46 = -41. Suppose u + d = 3*z, -4*z + 0*z - u = -27. Suppose -z*y + 4*y + 264 = 0. What is the units digit of y?
6
Let r(m) = -29*m**2 - 9*m - 10. Let k be r(-4). Let j = k + 645. What is the units digit of j?
7
Let l(y) = -y**3 + 12*y**2 + 28*y + 7. Let u be l(12). What is the tens digit of u + (-1)/(-3 - 52/(-16))?
3
Let k = -43 + 47. Let z(u) = 9*u**2 - 36*u + 2. Let y be z(k). Suppose -210 = -4*r - y*n, -10*n + 14*n - 12 = 0. What is the units digit of r?
1
Suppose -18 = 54*h - 51*h. What is the hundreds digit of (-8)/h - 270332/(-228)?
1
Let l = 68 + -55. Let g = l - -351. What is the tens digit of g?
6
Let g be ((-78)/65)/((-6)/20). Suppose 0 = 2*x - k - 14, g*x = -2*k + 12 - 0. Suppose -272 = -5*n + 4*y, 3*y = x*n + 6*y - 286. What is the tens digit of n?
5
Let n = 40153 + -18949. What is the tens digit of n?
0
Let y = -338 - -341. Suppose -y*c + 167 = -178. What is the hundreds digit of c?
1
Let t = 5013 + 22459. What is the thousands digit of t?
7
Let c(h) = 2*h**2 - 2*h - 1. Let x be c(-2). Suppose x*m + 3 = 36. Suppose -m = -3*a, 91 = p + p - a. What is the units digit of p?
6
Suppose -84*b + 50*b = -210902. What is the units digit of b?
3
Let g(b) = -17 + 6*b**2 + 1024*b**3 - 7*b**2 - 1016*b**3 + 11*b. What is the units digit of g(4)?
3
What is the tens digit of ((-7104)/(-740))/(3/1840)?
8
Suppose 2*v + 14947 = -13021. Let m be v/(-95) + ((-1)/5 - 0). Suppose -4*g + 3*a = -m, 149 = 4*g - 5*a - 0*a. What is the units digit of g?
6
Let d(f) = 4740*f - 295. Let r be d(8). Suppose -5*y + r = 20*y. What is the hundreds digit of y?
5
Suppose -2*b = -3*r - 33 - 6, -2*b - 39 = 3*r. Let j = -13 - r. Suppose 7*h + j*h - 287 = 0. What is the tens digit of h?
4
Let z(c) = c**3 - c**2 - 3*c - 49. Let v be z(0). Let l = -32 - v. Suppose -2*d + 41 = -l. What is the tens digit of d?
2
Suppose -g - 14*s = -19*s + 205, 5*g + 971 = -2*s. What is the tens digit of (532/95)/((-2)/g)?
4
Suppose 3*v - 4*q + 0 = -4, 3*q = -3*v + 24. Suppose v*w + 3*w - 1239 = 0. What is the tens digit of w?
7
Let o(x) = -x**2 + 16*x - 15. Let c be o(15). Suppose 3*b + 2*b - 535 = c. Suppose -2*a + b + 81 = 0. What is the units digit of a?
4
Let q be 30/9*12/8. Suppose -q = -d - 0. Suppose -72 = -d*r - 12. What is the units digit of r?
2
Suppose 0 = 3*b + 2*k - 1487 - 7493, 0 = 4*k + 4. Suppose -4894 - b = -17*r. What is the units digit of r?
4
Suppose -5*o + 2*u = -206679, -4875*o + 4872*o + 123977 = -5*u. What is the tens digit of o?
3
Suppose -5*h - 2*l = -8111, -10*h + 9*h = 2*l - 1627. Suppose -5500 + h = -9*i. What is the units digit of i?
1
Let z = -12847 - -25246. What is the thousands digit of z?
2
Suppose 7*g - 51973 = 2*g + 2*t, -4*t = 2*g - 20794. What is the hundreds digit of g?
3
Let p = 44502 + -18566. What is the units digit of p?
6
Suppose -6*w + 103 + 125 = 0. Let i = -3 + w. Suppose 9*r - 793 = i. What is the tens digit of r?
9
Suppose -18*i - 197*i = -11376863 - 4361782. What is the thousands digit of i?
3
Suppose 2*n = -15*m + 17*m - 12390, -5*m + 30930 = 4*n. What is the h